- 21 = 0. Calculate the remainder when q is divided by 4.
1
Calculate the remainder when 69 is divided by (-8)/36*-21*3.
13
Let a = 5 + -36. Let g = a + 50. Calculate the remainder when g is divided by 10.
9
Let h = -10 + 41. Let d = h - 18. Calculate the remainder when 19/((-2)/8*-2) is divided by d.
12
Let q = 324 + -310. Suppose -2*v - 2*v = -152. What is the remainder when v is divided by q?
10
Suppose 2*i = f + 27, 4*i - 24 = 2*i + 2*f. What is the remainder when i is divided by 8?
7
Suppose 209 = 4*g + 65. What is the remainder when g is divided by 10?
6
Let h = 1 - 4. Let r(b) = -3*b**2 - 3*b. Let t be r(h). What is the remainder when (-2125)/(-45) + 4/t is divided by 24?
23
Suppose -12*j + 17*j - d = 728, 0 = -5*j - d + 722. Calculate the remainder when j is divided by 25.
20
Calculate the remainder when 26 is divided by 3 - (0 + 44/(-4)).
12
Let c = 39 - 0. Calculate the remainder when c is divided by 10.
9
Let m = -12 + 42. Let u = m - 13. What is the remainder when u is divided by 6?
5
What is the remainder when (-6)/(6/3) - -15 is divided by 5?
2
Suppose 5*n - 3*d - 29 = d, 5*d = -5. Suppose 7 = p - 11. What is the remainder when p is divided by n?
3
Let g(m) = 3*m**2 + 4*m + 1. Let p be g(3). Suppose 0*y = -4*y + p. Calculate the remainder when y is divided by 6.
4
Suppose -12 = z - 10. Suppose 0 = 2*q + q. Let d = q - z. Calculate the remainder when 2 is divided by d.
0
Suppose 0*c = 5*c - 40. Let p be 8/36 + (-205)/(-9). Let w = 0 + p. What is the remainder when w is divided by c?
7
Calculate the remainder when (-7)/((-14)/104) + -5 is divided by 12.
11
Suppose 0*f + 55 = 5*f. Let p = -4 + f. Calculate the remainder when 19 is divided by p.
5
What is the remainder when 33 is divided by -4 - (-65)/10*2?
6
Suppose -5*q + 81 = 2*j, 2*j - 1 = -5. Let s = 16 + -17. What is the remainder when s/5 - 738/(-15) is divided by q?
15
Let q = -68 + 142. Suppose 2*i = -3*b + q, -3*i + 4*i = 2*b - 40. Let p = 47 - b. What is the remainder when p is divided by 13?
12
Let v(l) = l**3 + 6*l**2 - l - 4. Let d be v(-6). Suppose -d*n + 28 - 10 = 0. Calculate the remainder when n is divided by 3.
0
Suppose -359 = -11*m - 73. Calculate the remainder when 27 is divided by m.
1
Suppose 0 = 3*m + 3. Let i(z) = -3*z + 1. Let q = 1 + 5. What is the remainder when q is divided by i(m)?
2
Let g be (-1 - -27)*(-72)/(-16). Let d be (-15)/(-9) + 2/6. Suppose -2*s - 35 = -4*v - g, d*s - v - 76 = 0. Calculate the remainder when s is divided by 13.
11
Suppose 0 = 5*u + 2 + 8. Calculate the remainder when 4/(3/(u - -29)) is divided by 19.
17
Suppose 0*r = 5*r - 275. Suppose -v + s = -0*v - 19, 0 = 3*v - s - r. What is the remainder when v is divided by 10?
8
Suppose -2*f - 4 + 16 = 0. Suppose 0 = 2*t - f*t + 8. Suppose -5*u = -5*j + 5, 4*u = 4*j - j - t. Calculate the remainder when j is divided by 2.
0
Let n(t) = 9*t - 7 - 4*t - t. Let r(u) = -u + 3. Calculate the remainder when n(5) is divided by r(-4).
6
What is the remainder when (-11376)/(-60) - (-6)/(-10) is divided by 16?
13
Let x = 7 - 7. Suppose x = 4*m - 4. What is the remainder when 3 is divided by m?
0
Suppose -4*c + 13 + 39 = 0. Suppose 6*o = -4*f + 2*o + 144, -74 = -2*f - o. What is the remainder when f is divided by c?
12
Suppose 2*h - 5*h + 144 = 0. What is the remainder when 13 is divided by 3/2*h/9?
5
Suppose a - 29 = -0*a. What is the remainder when 84 is divided by a?
26
What is the remainder when 86 is divided by -1*2 + -3*(-47)/3?
41
Let l be 0*((-6)/(-4) - 1). Suppose l = -4*y + 39 + 49. Suppose 0 = 4*j - 2*z - 22, 3*z = -5*j + z + 50. Calculate the remainder when y is divided by j.
6
Let b(x) = -x**2 + 9*x - 8. Let m be b(8). Suppose 31 = 3*f - j, 0 = 2*f - 4*j - m - 24. Suppose 3*y - 7 = 5. Calculate the remainder when f is divided by y.
2
Let c be 4 - ((-1)/1)/1. Suppose -3*o - 18 = -c*o. Calculate the remainder when o is divided by 4.
1
Let m = 60 - 35. Suppose 2*p - 12 - 16 = 0. Calculate the remainder when m is divided by p.
11
Let y be 84/(-10)*(-35)/14. Let a be 1*1/(-2)*-4. What is the remainder when 18 is divided by 4/(-8) + y/a?
8
Let y = 75 - 43. What is the remainder when y is divided by 4/(-12) + (-52)/(-3)?
15
Suppose 0 = -4*u + 5*k + 158, -u - 3*k = 2*u - 105. Let l = 2 + -4. Calculate the remainder when u is divided by 15 - -4*1/l.
11
Suppose -n - 28 = -6*n - r, 3*r - 24 = -5*n. Calculate the remainder when 11 is divided by n.
5
Suppose -181 = -8*r - 61. What is the remainder when 59 is divided by r?
14
Suppose 4*n = 3*n + 2*r + 192, 0 = n - r - 197. Calculate the remainder when n is divided by 51.
49
Let j(h) = 2*h**2 + 9*h + 12. Calculate the remainder when j(-6) is divided by 11.
8
Let v = -19 - -60. Suppose 4*u - 39 = -5*q, -3*q = 4*u - 4*q - 45. Calculate the remainder when v is divided by u.
8
Let y = -5 + 5. Let q = y - -2. Calculate the remainder when 16 is divided by 60/9 - q/3.
4
Calculate the remainder when (3/(-2))/(-1) - (-1683)/22 is divided by 23.
9
Suppose -5*x + r = 3, 0 = x + 5*r - 0*r - 15. Suppose 0 = -t - 3, o + x*t + t = 64. What is the remainder when o is divided by 17?
16
Suppose -5 = -3*c + 1. Suppose 4 = s - 2*j - c*j, 0 = 4*s - 2*j - 2. Calculate the remainder when (-2 - (s + -1)) + 8 is divided by 3.
1
Suppose -4*c + 42 = -66. What is the remainder when 3 + 230/3 - 2/(-6) is divided by c?
26
Let y be 4/8*(2 + -2). Suppose y = 3*t - 20 - 4. Let a(u) = -u**3 + 8*u**2 + 2*u + 6. Calculate the remainder when a(t) is divided by 12.
10
Suppose x - 7 + 1 = 0. Let y(s) = 2*s - 6. Calculate the remainder when (-64)/(-6)*3/2 is divided by y(x).
4
Let y be (5 + -2)/((-3)/2). Let g(f) = 2*f**2 + f. Let o = 15 + 2. Calculate the remainder when o is divided by g(y).
5
Let a(u) = u**2 + u + 8. Let v be a(0). Let b(d) = 9*d - 2*d**2 - 5 - d**2 + 2*d**2. What is the remainder when 7 is divided by b(v)?
1
Suppose f = -0*f + 22. Let d(j) = 4*j - 7. Let g be d(6). Suppose g*z - 24 = 14*z. Calculate the remainder when f is divided by z.
6
Let f = -17 - -28. Suppose 2 + 5 = h. What is the remainder when f is divided by h?
4
Let p(c) = -3*c - 1. Let a be p(-7). Suppose -4*y = g - a, -g = g - y - 4. Calculate the remainder when 44 is divided by 2/g + (-87)/(-6).
14
Suppose 3*r - 40 = -r. Let n = -31 - -48. Calculate the remainder when n is divided by r.
7
Let o = 61 - 37. Let g = 42 - o. What is the remainder when g is divided by 10?
8
Suppose -5*l + 3 = -2. Suppose m - l = 5. What is the remainder when 16 is divided by m?
4
Calculate the remainder when 17 is divided by (-6)/39 - 1472/(-104).
3
Let b = 44 - 37. Calculate the remainder when 81 is divided by b.
4
Suppose 5*v - 40 = 5*a, 4*v - 18 = 3*a + 4. Let s be (-15)/a - (-1)/2. Suppose s*h - 4*h + 12 = 0. What is the remainder when 10 is divided by h?
4
Let w = 4 - 1. Suppose 4*o - m - 12 = 0, -o - 4*o + 36 = 4*m. Suppose -f - 55 = -5*q + w*f, -3*q - o*f + 33 = 0. What is the remainder when 32 is divided by q?
10
Let d(x) = 3*x**3 - 7*x**2 - 2*x**3 + 3 - 5. Let z be d(7). Calculate the remainder when 4 is divided by z*((-27)/(-6))/(-3).
1
Let y(x) = -x**3 + 5*x**2 + 2*x - 1. Let w be y(6). Calculate the remainder when 59 is divided by (36/(-15))/3*w.
19
Suppose 5*d + 0*x = 5*x + 10, 2*x - 6 = -3*d. Suppose 2*h = 2*q + 7 + 13, 26 = d*h + q. What is the remainder when 33 is divided by h?
9
Suppose 0*x - 10 = 5*x. What is the remainder when 113/5 - x/5 is divided by 8?
7
Let b(q) = -q**3 - 3*q**2 + q - 4. Calculate the remainder when 18 is divided by b(-4).
2
Let j(p) = p**3 - 8*p**2 + 9*p - 2. Let t be j(7). What is the remainder when (-88)/(-5) + t/30 is divided by 10?
8
Let f(z) = z**2 - 7*z + 1. What is the remainder when f(-2) is divided by 10?
9
Suppose -68 = -3*w - 2*w + y, -w - y + 16 = 0. Calculate the remainder when 33 is divided by (-4)/((-4)/(-2)) + w.
9
Let o(s) = s**2 - 2*s + 1. Suppose -24 = -0*n + 3*n. Calculate the remainder when o(5) is divided by 20/3 + n/12.
4
Suppose 4 = -m + 23. Let i(a) = a**3 - 2*a**2 - 3*a + 1. Let c be i(2). Let h(k) = -2*k - 3. Calculate the remainder when m is divided by h(c).
5
Suppose 5*p = -2*j - 21, j = 3*j - 2*p - 14. Calculate the remainder when 41 is divided by (44/(-8))/((-1)/j).
8
Let p(g) = -g**2 - 3*g + 1. Let v be p(-5). Let n = -86 + 86. Let s = n - v. What is